{"id":3,"date":"2024-01-05T09:10:12","date_gmt":"2024-01-05T09:10:12","guid":{"rendered":"https:\/\/ragusainn.com\/?page_id=3"},"modified":"2025-12-22T11:59:21","modified_gmt":"2025-12-22T11:59:21","slug":"privacy-policy","status":"publish","type":"page","link":"https:\/\/ragusainn.com\/eng\/privacy-policy\/","title":{"rendered":"Privacy Policy"},"content":{"rendered":"[et_pb_section fb_built=&#8221;1&#8243; admin_label=&#8221;section&#8221; _builder_version=&#8221;4.16&#8243; global_colors_info=&#8221;{}&#8221;][et_pb_row admin_label=&#8221;row&#8221; _builder_version=&#8221;4.16&#8243; background_size=&#8221;initial&#8221; background_position=&#8221;top_left&#8221; background_repeat=&#8221;repeat&#8221; global_colors_info=&#8221;{}&#8221;][et_pb_column type=&#8221;4_4&#8243; _builder_version=&#8221;4.16&#8243; custom_padding=&#8221;|||&#8221; global_colors_info=&#8221;{}&#8221; custom_padding__hover=&#8221;|||&#8221;][et_pb_text admin_label=&#8221;Text&#8221; _builder_version=&#8221;4.21.0&#8243; text_font=&#8221;Montserrat||||||||&#8221; background_size=&#8221;initial&#8221; background_position=&#8221;top_left&#8221; background_repeat=&#8221;repeat&#8221; hover_enabled=&#8221;0&#8243; global_colors_info=&#8221;{}&#8221; sticky_enabled=&#8221;0&#8243;]<p><\/p>\n<h3 class=\"wp-block-heading\"><strong><span style=\"text-decoration: underline;\">POLITICA DELLA PRIVACY PER IL SITO WEB ai sensi dei Regolamento UE\/2016\/679 (GDPR)<\/span><\/strong><\/h3>\n<p>Informativa sul trattamento dei dati personali\u00a0ex\u00a0artt. 13 e 14 del Regolamento UE 2016\/679<\/p>\n<h4>\u00a0INFORMATIVA SUL TRATTAMENTO DEI DATI PERSONALI<\/h4>\n<p>Questa pagina descrive la politica della privacy del sito <span>www.ragusainn.com<\/span><\/p>\n<p>Per ulteriori\u00a0chiarimenti\u00a0riguardanti l&#8217;Informativa al Trattamento dei Dati degli utenti,\u00a0si prega di consultare l\u2019apposita pagina.<\/p>\n<p>\u00a0In questa pagina si descrivono le modalit\u00e0 di gestione del sito relativamente al trattamento dei dati personali degli utenti che lo consultano. Si tratta di un&#8217;informativa destinata a tutti gli utenti che interagiscono con i servizi web di <a href=\"https:\/\/ragusainn.com\/eng\/\">www.ragusainn.com<\/a>. Si chiede pertanto di porre attenzione all&#8217;Informativa che segue, tenendo presente che essa:<\/p>\n<ul>\n<li>Risponde specificatamente ai sensi dell&#8217;art. 13 del Regolamento UE 679 del 2016 per la protezione dei dati personali, accessibili per via telematica a partire dall&#8217;indirizzo https:\/\/ragusainn.com\/ corrispondente alla pagina iniziale di questo sito.<\/li>\n<li>L&#8217;informativa \u00e8 valida solo per il sito ufficiale di https:\/\/ragusainn.com\/ e non anche per altri siti web eventualmente consultati tramite link.<\/li>\n<li>L&#8217;informativa si ispira alle codificazioni pi\u00f9 attendibili relative ai requisiti per la raccolta dei dati personali online (le modalit\u00e0, i tempi e la natura delle informazioni che i titolari del trattamento devono fornire agli utenti quando questi si collegano a pagine web, indipendentemente dagli scopi del collegamento, consigliati e\/o suggeriti dalle direttive CEE (art. 29 della direttiva n. 95\/46\/CE).<\/li>\n<\/ul>\n<p>\u00a0TITOLARE DEL TRATTAMENTO DEI DATI<\/p>\n<p>A seguito della consultazione di questo sito possono essere trattati dati relativi a persone identificate o identificabili. Il &#8220;Titolare&#8221; del loro trattamento \u00e8 il Legale rappresentante dell\u2019Azienda:<\/p>\n<p>\u00a0Denominazione: Ragusa Inn<\/p>\n<p>Sede legale: Via Cono 52 \u2013 Ragusa<\/p>\n<p>Tel: +39 3334430389 Mail: info@ragusainn.com<\/p>\n<p>\u00a0TIPI DI DATI RACCOLTI<\/p>\n<p>Dati di navigazione<\/p>\n<p>I sistemi informatici e le procedure software preposte al funzionamento del Sito acquisiscono, nel corso del loro normale esercizio, alcuni dati personali la cui trasmissione \u00e8 implicita nell\u2019uso dei protocolli di comunicazione di Internet. In questa categoria di dati rientrano gli indirizzi IP o i nomi a dominio dei terminali degli utenti che si connettono al Sito, i MAC (Media Access Control) address, gli indirizzi in notazione URI (Uniform Resource Identifier) delle risorse richieste, l\u2019orario della richiesta, il metodo utilizzato nel sottoporre la richiesta al server, la dimensione del file ottenuto in risposta, il codice numerico indicante lo stato della risposta data dal server (buon fine, errore, ecc.) ed altri parametri relativi al sistema operativo e all\u2019ambiente informatico dell\u2019utente. Questi dati vengono utilizzati al solo fine di ricavare informazioni statistiche anonime sull\u2019uso del Sito e per controllarne il corretto funzionamento e vengono cancellati immediatamente dopo l\u2019elaborazione. I dati potrebbero essere utilizzati per l\u2019accertamento di responsabilit\u00e0 in caso di ipotetici reati informatici ai danni del Sito.<\/p>\n<ol>\n<li>Dati forniti volontariamente da persone fisiche e giuridiche<\/li>\n<\/ol>\n<p>A seguito dell\u2019invio volontario dei dati da parte dell\u2019utente (mediante invio messaggi di posta elettronica agli indirizzi presenti sul Sito, inserimento nei Form e\/o registrazione sul Sito) Ragusa Inn potr\u00e0 trattare tali dati personali per rispondere alle richieste formulate dall\u2019utente e\/o per fornire i servizi richiesti.<\/p>\n<p>&nbsp;<\/p>\n<p>Il Titolare tratta dunque in questo contesto, allorch\u00e9 forniti dall\u2019utente:<\/p>\n<ul>\n<li>dati identificativi;<\/li>\n<li>dati di contatto;<\/li>\n<li>informazioni di carattere commerciale e dati relativi ai propri gusti e preferenze.<\/li>\n<\/ul>\n<ol start=\"2\">\n<li>Finalit\u00e0 e base giuridica del trattamento<\/li>\n<\/ol>\n<p>I dati forniti da persone fisiche e giuridiche e raccolti da Ragusa Inn verranno trattati per le seguenti finalit\u00e0:<\/p>\n<ol>\n<li>controllare il corretto funzionamento dei servizi offerti tramite il Sito (trattamento dati anonimi);<\/li>\n<li>ottenere informazioni statistiche sull&#8217;uso dei servizi e del Sito: ad esempio, pagine pi\u00f9 visitate, numero di visitatori per fascia oraria o giornaliera, aree geografiche di provenienza, ecc.<\/li>\n<li>nel caso in cui sia stato prestato espresso consenso, a scopo promozionale e pubblicitario. In questi casi il consenso prestato al trattamento dei dati permette a Ragusa Inn di svolgere attivit\u00e0 di profilazione, effettuare offerte promozionali e comunicazioni di marketing, anche personalizzate, sia attraverso strumenti automatizzati, quali ad esempio la posta elettronica, sia attraverso strumenti tradizionali, come posta ordinaria o chiamate telefoniche tramite operatore, relativamente a prodotti o servizi di Ragusa Inn. Tale trattamento comporta quindi l\u2019analisi del profilo dell\u2019utente al fine di determinare le sue preferenze e rendere il pi\u00f9 possibile mirato e di interesse l\u2019invio delle comunicazioni promozionali. Resta ovviamente intesto che l\u2019iscrizione al Sito, ai vari servizi integrati e\/o alla newsletter potr\u00e0 essere annullata in qualsiasi momento senza costi per l\u2019utente seguendo le istruzioni inserite sul Sito e\/o in calce a ciascuna comunicazione ricevuta dall\u2019utente;<\/li>\n<li>nel caso in cui sia stato prestato espresso consenso, per comunicare a terzi e\/o diffondere i dati identificativi e di contatto del cliente attraverso informazioni commerciali, ricerche di mercato e socio-economiche, pubblicazione sul Sito e sugli altri canali\u00a0media\u00a0di Ragusa Inn, nonch\u00e9 per svolgere attivit\u00e0 di profilazione.<\/li>\n<\/ol>\n<p>&nbsp;<\/p>\n<p>La base giuridica del trattamento dei dati forniti per le finalit\u00e0 sopra richiamate \u00e8 costituita dalla necessit\u00e0 di dare esecuzione al\u00a0contratto di prestazione di servizi\u00a0secondo quanto richiesto dall\u2019utente, dalla tutela di un\u00a0interesse pubblico rilevante\u00a0(salute pubblica) e\/o dal\u00a0consenso espresso\u00a0fornito dall\u2019utente.\u00a0<\/p>\n<ol>\n<li>Modalit\u00e0 del trattamento<\/li>\n<\/ol>\n<p>I dati raccolti verranno trattati, conservati ed elaborati con strumenti elettronici e verranno memorizzati sia su supporti informatici che su supporti cartacei, organizzati in database, e su ogni altro tipo di supporto idoneo. Specifiche misure di sicurezza sono osservate per prevenire la perdita dei dati, usi illeciti o non corretti ed accessi non autorizzati.\u00a0<\/p>\n<p>I dati non saranno resi visibili agli altri utenti del Sito e non saranno oggetto di diffusione; potranno tuttavia essere comunicati a societ\u00e0, associazioni o studi professionali che si occupano della gestione del Sito, o che si occupano di eseguire le richieste del cliente. I dati raccolti con riferimento alle finalit\u00e0 di prevenzione del contagio da coronavirus potranno essere comunicati esclusivamente ad Enti pubblici per eventuali adempimenti di legge.<\/p>\n<p>L\u2019elenco dei terzi che possono ricevere i dati personali pu\u00f2 essere richiesto ai recapiti indicati in fondo al presente documento.<\/p>\n<p>Oltre che per le finalit\u00e0 di cui al punto 2, i dati potranno essere trattati per obblighi e\/o diritti previsti da leggi, regolamenti o normative comunitarie, e da disposizioni delle Autorit\u00e0 di vigilanza.<\/p>\n<p>I dati personali forniti potranno essere liberamente trasferiti fuori dal territorio nazionale a Paesi situati nell\u2019Unione Europea. L\u2019eventuale trasferimento dei dati personali dell\u2019interessato in Paesi situati al di fuori dell\u2019Unione europea avverr\u00e0, in ogni caso, nel rispetto delle garanzie appropriate e opportune ai fini del trasferimento stesso ai sensi della normativa applicabile e in particolare degli articoli 45 e 46 del Regolamento.<\/p>\n<p>Il Sito utilizza cookie: per maggiori informazioni si prega di consultare la Cookie Policy all\u2019URL <a href=\"https:\/\/ragusainn.com\/eng\/\">www.ragusainn.com\/<\/a>cookie-policy.<\/p>\n<ol>\n<li>Periodo di conservazione dei dati<\/li>\n<\/ol>\n<p>I dati personali raccolti ed elaborati a seguito della navigazione del Sito verranno trattati per tutto il periodo necessario all\u2019erogazione dei servizi richiesti dal cliente.<\/p>\n<p>Il trattamento verr\u00e0 compiuto fintanto che l\u2019interessato non eserciti la revoca mediante comunicazione scritta all\u2019indirizzo <a href=\"mailto:info@ragusainn.com\">info@ragusainn.com<\/a> o attraverso la procedura di annullamento della registrazione al Sito (seguendo le istruzioni riportate sul Sito e\/o in calce a ciascuna comunicazione ricevuta).<\/p>\n<p>I dati raccolti ed elaborati saranno comunque conservati per un periodo di tempo non superiore a quello necessario agli scopi per i quali sono stati raccolti o successivamente trattati, anche per adempiere ad obblighi contrattuali o di legge, anche in termini di discipline normative emergenziali, e per documentare le attivit\u00e0 svolte, nonch\u00e9 per garantire l\u2019interesse legittimo a tutelarsi da responsabilit\u00e0 potenzialmente derivanti dal trattamento e sino a che ogni eventuale azione nei suoi confronti non risulti prescritta.<\/p>\n<ol>\n<li>Soggetti a cui potranno essere comunicati i dati<\/li>\n<\/ol>\n<p>I dati raccolti non saranno diffusi e potranno essere comunicati, oltre che a soggetti ed Enti a cui sia riconosciuta la facolt\u00e0 e l\u2019interesse di accedere ai dati personali da norme di legge o da normative secondarie e\/o comunitarie, a personale interno o collaboratori esterni del Titolare, nonch\u00e9 a societ\u00e0, associazioni o studi professionali che prestino servizi ed attivit\u00e0 per conto del Titolare in qualit\u00e0 di responsabili del trattamento per l\u2019adempimento di obblighi di legge, nonch\u00e9 per ogni esigenza organizzativa ed amministrativa necessaria per fornire i servizi richiesti. I nominativi dei soggetti che potranno venire a conoscenza dei dati in qualit\u00e0 di responsabili del trattamento sono riportati in un elenco aggiornato disponibile presso Ragusa Inn \u00a0(da richiedersi ai recapiti indicati al punto 6).<\/p>\n<ol>\n<li>Diritti del soggetto cui si riferiscono i dati<\/li>\n<\/ol>\n<p>In relazione ai suindicati trattamenti di dati, il soggetto cui si riferiscono i dati ha la facolt\u00e0 di esercitare in ogni momento i diritti previsti dal Regolamento (artt. 15, 16, 17, 18, 19, 20, 21), ossia i diritti di: a) accedere ai dati personali; b) chiederne la rettifica, l&#8217;aggiornamento, l\u2019integrazione, la cancellazione, la limitazione o la portabilit\u00e0; c) opporsi al trattamento; d) revocare il consenso al trattamento dei dati ed e) proporre reclamo all\u2019Autorit\u00e0 Garante per la Protezione dei Dati Personali, seguendo le procedure e le indicazioni pubblicate sul sito web www.garanteprivacy.it.<\/p>\n<ol>\n<li>Titolare del trattamento \u2013 Dati di contatto<\/li>\n<\/ol>\n<p>Il Titolare del trattamento dei dati \u00e8 Ragusa Inn \u00a0al quale \u00e8 possibile rivolgersi per qualsiasi chiarimento sulle modalit\u00e0 di trattamento dei dati e per l\u2019esercizio dei diritti sopra elencati, scrivendo al seguente indirizzo di posta elettronica info@ragusainn.com<\/p>\n<p>Ragusa Inn \u00a0\u00a0si riserva il diritto di aggiornare la presente informativa sul trattamento di dati personali.<\/p>\n<p>&nbsp;<\/p>\n<p>&nbsp;<\/p>\n<p>&nbsp;<\/p>\n<p><\/p>[\/et_pb_text][\/et_pb_column][\/et_pb_row][\/et_pb_section]","protected":false},"excerpt":{"rendered":"<p>POLITICA DELLA PRIVACY PER IL SITO WEB ai sensi dei Regolamento UE\/2016\/679 (GDPR) Informativa sul trattamento dei dati personali\u00a0ex\u00a0artt. 13 e 14 del Regolamento UE 2016\/679 \u00a0INFORMATIVA SUL TRATTAMENTO DEI DATI PERSONALI Questa pagina descrive la politica della privacy del sito www.ragusainn.com Per ulteriori\u00a0chiarimenti\u00a0riguardanti l&#8217;Informativa al Trattamento dei Dati degli utenti,\u00a0si prega di consultare l\u2019apposita [&hellip;]<\/p>","protected":false},"author":1,"featured_media":0,"parent":0,"menu_order":0,"comment_status":"closed","ping_status":"open","template":"","meta":{"_et_pb_use_builder":"on","_et_pb_old_content":"<!-- wp:heading --><h2>Who we are<\/h2><!-- \/wp:heading --><!-- wp:paragraph --><p><strong class=\"privacy-policy-tutorial\">Suggested text: <\/strong>Our website address is: https:\/\/ragusainn.com.<\/p><!-- \/wp:paragraph --><!-- wp:heading --><h2>Comments<\/h2><!-- \/wp:heading --><!-- wp:paragraph --><p><strong class=\"privacy-policy-tutorial\">Suggested text: <\/strong>When visitors leave comments on the site we collect the data shown in the comments form, and also the visitor&#8217;s IP address and browser user agent string to help spam detection.<\/p><!-- \/wp:paragraph --><!-- wp:paragraph --><p>An anonymized string created from your email address (also called a hash) may be provided to the Gravatar service to see if you are using it. The Gravatar service privacy policy is available here: https:\/\/automattic.com\/privacy\/. After approval of your comment, your profile picture is visible to the public in the context of your comment.<\/p><!-- \/wp:paragraph --><!-- wp:heading --><h2>Media<\/h2><!-- \/wp:heading --><!-- wp:paragraph --><p><strong class=\"privacy-policy-tutorial\">Suggested text: <\/strong>If you upload images to the website, you should avoid uploading images with embedded location data (EXIF GPS) included. Visitors to the website can download and extract any location data from images on the website.<\/p><!-- \/wp:paragraph --><!-- wp:heading --><h2>Cookies<\/h2><!-- \/wp:heading --><!-- wp:paragraph --><p><strong class=\"privacy-policy-tutorial\">Suggested text: <\/strong>If you leave a comment on our site you may opt-in to saving your name, email address and website in cookies. These are for your convenience so that you do not have to fill in your details again when you leave another comment. These cookies will last for one year.<\/p><!-- \/wp:paragraph --><!-- wp:paragraph --><p>If you visit our login page, we will set a temporary cookie to determine if your browser accepts cookies. This cookie contains no personal data and is discarded when you close your browser.<\/p><!-- \/wp:paragraph --><!-- wp:paragraph --><p>When you log in, we will also set up several cookies to save your login information and your screen display choices. Login cookies last for two days, and screen options cookies last for a year. If you select &quot;Remember Me&quot;, your login will persist for two weeks. If you log out of your account, the login cookies will be removed.<\/p><!-- \/wp:paragraph --><!-- wp:paragraph --><p>If you edit or publish an article, an additional cookie will be saved in your browser. This cookie includes no personal data and simply indicates the post ID of the article you just edited. It expires after 1 day.<\/p><!-- \/wp:paragraph --><!-- wp:heading --><h2>Embedded content from other websites<\/h2><!-- \/wp:heading --><!-- wp:paragraph --><p><strong class=\"privacy-policy-tutorial\">Suggested text: <\/strong>Articles on this site may include embedded content (e.g. videos, images, articles, etc.). Embedded content from other websites behaves in the exact same way as if the visitor has visited the other website.<\/p><!-- \/wp:paragraph --><!-- wp:paragraph --><p>These websites may collect data about you, use cookies, embed additional third-party tracking, and monitor your interaction with that embedded content, including tracking your interaction with the embedded content if you have an account and are logged in to that website.<\/p><!-- \/wp:paragraph --><!-- wp:heading --><h2>Who we share your data with<\/h2><!-- \/wp:heading --><!-- wp:paragraph --><p><strong class=\"privacy-policy-tutorial\">Suggested text: <\/strong>If you request a password reset, your IP address will be included in the reset email.<\/p><!-- \/wp:paragraph --><!-- wp:heading --><h2>How long we retain your data<\/h2><!-- \/wp:heading --><!-- wp:paragraph --><p><strong class=\"privacy-policy-tutorial\">Suggested text: <\/strong>If you leave a comment, the comment and its metadata are retained indefinitely. This is so we can recognize and approve any follow-up comments automatically instead of holding them in a moderation queue.<\/p><!-- \/wp:paragraph --><!-- wp:paragraph --><p>For users that register on our website (if any), we also store the personal information they provide in their user profile. All users can see, edit, or delete their personal information at any time (except they cannot change their username). Website administrators can also see and edit that information.<\/p><!-- \/wp:paragraph --><!-- wp:heading --><h2>What rights you have over your data<\/h2><!-- \/wp:heading --><!-- wp:paragraph --><p><strong class=\"privacy-policy-tutorial\">Suggested text: <\/strong>If you have an account on this site, or have left comments, you can request to receive an exported file of the personal data we hold about you, including any data you have provided to us. You can also request that we erase any personal data we hold about you. This does not include any data we are obliged to keep for administrative, legal, or security purposes.<\/p><!-- \/wp:paragraph --><!-- wp:heading --><h2>Where your data is sent<\/h2><!-- \/wp:heading --><!-- wp:paragraph --><p><strong class=\"privacy-policy-tutorial\">Suggested text: <\/strong>Visitor comments may be checked through an automated spam detection service.<\/p><!-- \/wp:paragraph -->","_et_gb_content_width":"","footnotes":""},"class_list":["post-3","page","type-page","status-publish","hentry"],"yoast_head":"<!-- This site is optimized with the Yoast SEO plugin v24.9 - https:\/\/yoast.com\/wordpress\/plugins\/seo\/ -->\n<title>Privacy Policy - Ragusa Inn<\/title>\n<meta name=\"robots\" content=\"index, follow, max-snippet:-1, max-image-preview:large, max-video-preview:-1\" \/>\n<link rel=\"canonical\" href=\"https:\/\/ragusainn.com\/eng\/privacy-policy\/\" \/>\n<meta property=\"og:locale\" content=\"en_US\" \/>\n<meta property=\"og:type\" content=\"article\" \/>\n<meta property=\"og:title\" content=\"Privacy Policy - Ragusa Inn\" \/>\n<meta property=\"og:description\" content=\"POLITICA DELLA PRIVACY PER IL SITO WEB ai sensi dei Regolamento UE\/2016\/679 (GDPR) Informativa sul trattamento dei dati personali\u00a0ex\u00a0artt. 13 e 14 del Regolamento UE 2016\/679 \u00a0INFORMATIVA SUL TRATTAMENTO DEI DATI PERSONALI Questa pagina descrive la politica della privacy del sito www.ragusainn.com Per ulteriori\u00a0chiarimenti\u00a0riguardanti l&#039;Informativa al Trattamento dei Dati degli utenti,\u00a0si prega di consultare l\u2019apposita [&hellip;]\" \/>\n<meta property=\"og:url\" content=\"https:\/\/ragusainn.com\/eng\/privacy-policy\/\" \/>\n<meta property=\"og:site_name\" content=\"Ragusa Inn\" \/>\n<meta property=\"article:publisher\" content=\"https:\/\/www.facebook.com\/RagusaInn\" \/>\n<meta property=\"article:modified_time\" content=\"2025-12-22T11:59:21+00:00\" \/>\n<meta name=\"twitter:card\" content=\"summary_large_image\" \/>\n<meta name=\"twitter:label1\" content=\"Est. reading time\" \/>\n\t<meta name=\"twitter:data1\" content=\"8 minutes\" \/>\n<script type=\"application\/ld+json\" class=\"yoast-schema-graph\">{\"@context\":\"https:\/\/schema.org\",\"@graph\":[{\"@type\":\"WebPage\",\"@id\":\"https:\/\/ragusainn.com\/privacy-policy\/\",\"url\":\"https:\/\/ragusainn.com\/privacy-policy\/\",\"name\":\"Privacy Policy - Ragusa Inn\",\"isPartOf\":{\"@id\":\"https:\/\/ragusainn.com\/#website\"},\"datePublished\":\"2024-01-05T09:10:12+00:00\",\"dateModified\":\"2025-12-22T11:59:21+00:00\",\"breadcrumb\":{\"@id\":\"https:\/\/ragusainn.com\/privacy-policy\/#breadcrumb\"},\"inLanguage\":\"en-US\",\"potentialAction\":[{\"@type\":\"ReadAction\",\"target\":[\"https:\/\/ragusainn.com\/privacy-policy\/\"]}]},{\"@type\":\"BreadcrumbList\",\"@id\":\"https:\/\/ragusainn.com\/privacy-policy\/#breadcrumb\",\"itemListElement\":[{\"@type\":\"ListItem\",\"position\":1,\"name\":\"Home\",\"item\":\"https:\/\/ragusainn.com\/\"},{\"@type\":\"ListItem\",\"position\":2,\"name\":\"Privacy Policy\"}]},{\"@type\":\"WebSite\",\"@id\":\"https:\/\/ragusainn.com\/#website\",\"url\":\"https:\/\/ragusainn.com\/\",\"name\":\"Ragusa Inn | B&B a Ragusa\",\"description\":\"B&amp;B a Ragusa\",\"publisher\":{\"@id\":\"https:\/\/ragusainn.com\/#organization\"},\"potentialAction\":[{\"@type\":\"SearchAction\",\"target\":{\"@type\":\"EntryPoint\",\"urlTemplate\":\"https:\/\/ragusainn.com\/?s={search_term_string}\"},\"query-input\":{\"@type\":\"PropertyValueSpecification\",\"valueRequired\":true,\"valueName\":\"search_term_string\"}}],\"inLanguage\":\"en-US\"},{\"@type\":\"Organization\",\"@id\":\"https:\/\/ragusainn.com\/#organization\",\"name\":\"Ragusa Inn\",\"url\":\"https:\/\/ragusainn.com\/\",\"logo\":{\"@type\":\"ImageObject\",\"inLanguage\":\"en-US\",\"@id\":\"https:\/\/ragusainn.com\/#\/schema\/logo\/image\/\",\"url\":\"https:\/\/ragusainn.com\/wp-content\/uploads\/2024\/01\/logo_full.png\",\"contentUrl\":\"https:\/\/ragusainn.com\/wp-content\/uploads\/2024\/01\/logo_full.png\",\"width\":1197,\"height\":409,\"caption\":\"Ragusa Inn\"},\"image\":{\"@id\":\"https:\/\/ragusainn.com\/#\/schema\/logo\/image\/\"},\"sameAs\":[\"https:\/\/www.facebook.com\/RagusaInn\"]}]}<\/script>\n<!-- \/ Yoast SEO plugin. -->","yoast_head_json":{"title":"Privacy Policy - Ragusa Inn","robots":{"index":"index","follow":"follow","max-snippet":"max-snippet:-1","max-image-preview":"max-image-preview:large","max-video-preview":"max-video-preview:-1"},"canonical":"https:\/\/ragusainn.com\/eng\/privacy-policy\/","og_locale":"en_US","og_type":"article","og_title":"Privacy Policy - Ragusa Inn","og_description":"POLITICA DELLA PRIVACY PER IL SITO WEB ai sensi dei Regolamento UE\/2016\/679 (GDPR) Informativa sul trattamento dei dati personali\u00a0ex\u00a0artt. 13 e 14 del Regolamento UE 2016\/679 \u00a0INFORMATIVA SUL TRATTAMENTO DEI DATI PERSONALI Questa pagina descrive la politica della privacy del sito www.ragusainn.com Per ulteriori\u00a0chiarimenti\u00a0riguardanti l'Informativa al Trattamento dei Dati degli utenti,\u00a0si prega di consultare l\u2019apposita [&hellip;]","og_url":"https:\/\/ragusainn.com\/eng\/privacy-policy\/","og_site_name":"Ragusa Inn","article_publisher":"https:\/\/www.facebook.com\/RagusaInn","article_modified_time":"2025-12-22T11:59:21+00:00","twitter_card":"summary_large_image","twitter_misc":{"Est. reading time":"8 minutes"},"schema":{"@context":"https:\/\/schema.org","@graph":[{"@type":"WebPage","@id":"https:\/\/ragusainn.com\/privacy-policy\/","url":"https:\/\/ragusainn.com\/privacy-policy\/","name":"Privacy Policy - Ragusa Inn","isPartOf":{"@id":"https:\/\/ragusainn.com\/#website"},"datePublished":"2024-01-05T09:10:12+00:00","dateModified":"2025-12-22T11:59:21+00:00","breadcrumb":{"@id":"https:\/\/ragusainn.com\/privacy-policy\/#breadcrumb"},"inLanguage":"en-US","potentialAction":[{"@type":"ReadAction","target":["https:\/\/ragusainn.com\/privacy-policy\/"]}]},{"@type":"BreadcrumbList","@id":"https:\/\/ragusainn.com\/privacy-policy\/#breadcrumb","itemListElement":[{"@type":"ListItem","position":1,"name":"Home","item":"https:\/\/ragusainn.com\/"},{"@type":"ListItem","position":2,"name":"Privacy Policy"}]},{"@type":"WebSite","@id":"https:\/\/ragusainn.com\/#website","url":"https:\/\/ragusainn.com\/","name":"Ragusa Inn | B&B a Ragusa","description":"B&amp;B a Ragusa","publisher":{"@id":"https:\/\/ragusainn.com\/#organization"},"potentialAction":[{"@type":"SearchAction","target":{"@type":"EntryPoint","urlTemplate":"https:\/\/ragusainn.com\/?s={search_term_string}"},"query-input":{"@type":"PropertyValueSpecification","valueRequired":true,"valueName":"search_term_string"}}],"inLanguage":"en-US"},{"@type":"Organization","@id":"https:\/\/ragusainn.com\/#organization","name":"Ragusa Inn","url":"https:\/\/ragusainn.com\/","logo":{"@type":"ImageObject","inLanguage":"en-US","@id":"https:\/\/ragusainn.com\/#\/schema\/logo\/image\/","url":"https:\/\/ragusainn.com\/wp-content\/uploads\/2024\/01\/logo_full.png","contentUrl":"https:\/\/ragusainn.com\/wp-content\/uploads\/2024\/01\/logo_full.png","width":1197,"height":409,"caption":"Ragusa Inn"},"image":{"@id":"https:\/\/ragusainn.com\/#\/schema\/logo\/image\/"},"sameAs":["https:\/\/www.facebook.com\/RagusaInn"]}]}},"_links":{"self":[{"href":"https:\/\/ragusainn.com\/eng\/wp-json\/wp\/v2\/pages\/3","targetHints":{"allow":["GET"]}}],"collection":[{"href":"https:\/\/ragusainn.com\/eng\/wp-json\/wp\/v2\/pages"}],"about":[{"href":"https:\/\/ragusainn.com\/eng\/wp-json\/wp\/v2\/types\/page"}],"author":[{"embeddable":true,"href":"https:\/\/ragusainn.com\/eng\/wp-json\/wp\/v2\/users\/1"}],"replies":[{"embeddable":true,"href":"https:\/\/ragusainn.com\/eng\/wp-json\/wp\/v2\/comments?post=3"}],"version-history":[{"count":5,"href":"https:\/\/ragusainn.com\/eng\/wp-json\/wp\/v2\/pages\/3\/revisions"}],"predecessor-version":[{"id":575,"href":"https:\/\/ragusainn.com\/eng\/wp-json\/wp\/v2\/pages\/3\/revisions\/575"}],"wp:attachment":[{"href":"https:\/\/ragusainn.com\/eng\/wp-json\/wp\/v2\/media?parent=3"}],"curies":[{"name":"wp","href":"https:\/\/api.w.org\/{rel}","templated":true}]}}